 of l and 54?
18
Let p(t) = 4*t - 1 - 2*t**2 + 1 + 5*t**2 + 11. Let i be p(-5). What is the highest common factor of i and 44?
22
Let q be (4 - -1)/((-1)/(-6)). What is the greatest common divisor of 18 and q?
6
Suppose h - k + 4*k = 18, -5*h - 5*k = -60. Suppose 0 = 4*w - h - 3. Let r(s) = 4*s - 3. Let v be r(w). What is the highest common divisor of v and 63?
9
Suppose i + 2*i - 1020 = 0. Suppose -4*h + i = h. Calculate the greatest common factor of 17 and h.
17
Suppose r = 5 - 0. Suppose 2*v - 155 = -m + 3*v, -325 = -2*m - v. Suppose -r*y + m = -y. Calculate the greatest common factor of 16 and y.
8
Suppose j = -j + 120. Suppose 0 = s + 2*s - j. What is the greatest common divisor of 5 and s?
5
Let j(p) = -p**3 - 8*p**2 - 8*p - 5. Let v be j(-7). Let z be (-12)/(-8) + ((-3)/6 - -2). What is the greatest common factor of z and v?
1
Let x be (1 - 6)*42/(-10). Calculate the greatest common factor of 6 and x.
3
Let h(j) = -j**3 + 5*j**2 - j + 3. Let p be h(5). Let m be (0 - p - -18) + 2. Suppose 5*i = 97 - m. What is the highest common divisor of 5 and i?
5
Let x be 1/((-56)/(-18) + -3). What is the highest common divisor of x and 18?
9
Let a be 1*190 - 3 - 2. Suppose a = 5*f - 0*f + 2*j, 0 = -5*f + 4*j + 215. Calculate the greatest common factor of f and 26.
13
Let l be 2*2/2 + -1. Let q be (-2)/14 + 468/42. What is the greatest common factor of q and l?
1
Suppose -11*l + 330 = -6*l. What is the highest common factor of 165 and l?
33
Let y = -37 - -77. Calculate the greatest common divisor of 8 and y.
8
Let z = 14 + -8. Let w(x) = -x**3 - 7*x**2 - x - 3. Let c be w(-7). Suppose 68 = 5*t + 2*m + 17, c*m - 21 = -t. What is the highest common divisor of t and z?
3
Let k be 15 + (2 - -2) + 1. Calculate the greatest common divisor of 10 and k.
10
Suppose 6*p - 7*p = 40. Let u be (-5)/(1 - p/(-36)). Calculate the highest common divisor of 18 and u.
9
Let j be (-9)/((-36)/8) - -152. What is the greatest common factor of j and 14?
14
Let r(t) = 14*t**2 + 3*t - 2. Let q be r(2). What is the greatest common factor of q and 30?
30
Let t = 10 + 6. What is the greatest common factor of t and 24?
8
Suppose s = -2*z + 10, -2*z + 15 = -s + 5. Let t = 22 + s. Let i = -8 + t. What is the highest common divisor of i and 126?
14
Suppose 4*l = -u - 41, -3*u = -0*u + 15. Let x be (32/6)/((-6)/l). Calculate the greatest common divisor of x and 72.
8
Let z(d) = d + 21. Let k be z(-10). Calculate the highest common divisor of k and 44.
11
Suppose m - 5*l + 20 = 0, -4*l + 1 = -m - 14. Suppose -i = -x - 49, 0 = -2*x + 7*x + 20. Calculate the highest common divisor of i and m.
5
Suppose 5*z - 60 = 3*z + 4*u, -u + 55 = 3*z. Let j be (1 + -61)/(-2 - -1). Calculate the greatest common factor of j and z.
20
Let q(m) be the second derivative of 5*m**3/6 + 2*m**2 - 3*m. Let a be q(4). Calculate the greatest common divisor of a and 8.
8
Let i(q) = -6*q + 19. Let w(y) = 10 + 4*y - 5*y - 7. Let m(t) = 6*i(t) - 39*w(t). Let f be m(6). Calculate the greatest common factor of f and 45.
15
Suppose -43 = -2*m + 5*k, -45 = -3*m - 5*k + 6*k. What is the highest common divisor of 112 and m?
14
Let f(z) = z**3 + 7*z**2 + 6*z + 2. Let v be f(-6). Let k = 132 + -130. What is the greatest common divisor of v and k?
2
Suppose -n = -5*y - 30, 2*n + 2*y - 24 = -0*y. Calculate the greatest common divisor of 15 and n.
15
Suppose -5*d = -4*l - 70, -6*d = -d + l - 70. What is the greatest common factor of d and 70?
14
Suppose -x - 3*x = 0. Let w(z) = -z**3 + z**2 - z + 176. Let a be w(x). What is the highest common factor of a and 16?
16
Let h(y) = -y**2 + 5*y - 3. Let f = -3 - -6. Let g be h(f). Suppose 0 = -2*t + 2*n - 2, t = -g*n - 1 + 8. Calculate the highest common factor of 3 and t.
1
Let g(v) = 6*v. Let z be g(3). Let p = z - 64. Let f = p + 82. Calculate the greatest common divisor of 9 and f.
9
Let r = 173 - 109. What is the greatest common divisor of r and 8?
8
Let w be -1*1928/(-60) + (-4)/30. What is the highest common divisor of w and 4?
4
Suppose 2*u - u - 13 = 0. Let i = 12 - -6. Let r = i - u. What is the highest common factor of r and 20?
5
Let i be (-7)/((-28)/8) + 3. Suppose -5*h = 4*k - 109, 5*k + 0*h = i*h + 80. Calculate the greatest common divisor of 231 and k.
21
Suppose 0 = -3*o + 4*a + 199, -2*o + 138 = -0*o - 4*a. Suppose 0 = -4*m + 159 + o. Calculate the greatest common factor of m and 11.
11
Let k be 10/(-55) - 112/(-11). What is the highest common divisor of k and 70?
10
Let l be 0 + (-7 + 1)/(-2). Suppose -10 = 2*f - 7*f + 5*n, -l*n = -f + 4. Suppose -8 = -3*u + f. Calculate the highest common divisor of u and 6.
3
Let p(u) = -2*u**3 - 3*u**2 + 4. Let i be p(-4). Suppose v + 2*s = 56 - 14, -2*v = -5*s - i. What is the greatest common factor of v and 14?
14
Let h(r) = r**2 + 3. Let p(u) = u**3 - 8*u**2 + 7*u. Let d be p(7). Let t be h(d). Let x = t + -1. Calculate the highest common divisor of 2 and x.
2
Let k be 1/(1 - 0/3). Let w be 13 - 10 - (-30)/k. What is the highest common factor of 363 and w?
33
Suppose -3*d + 51 = f - 0*f, f - 52 = -2*d. What is the highest common divisor of 6 and f?
6
Suppose -34 = -d - 10. Suppose 5*s + 490 = 5*c, 4*c - 2*s - 356 = 32. Calculate the greatest common factor of d and c.
24
Let r be (-2)/(-5) - (-56)/10. Let h = 197 - 131. What is the greatest common divisor of h and r?
6
Let d be 6/15 - (-173)/5. Suppose 6 + 8 = 2*t. What is the highest common factor of t and d?
7
Let x be -1*2 - (5 - 10). Suppose -2*h + 19 + 22 = x*y, -27 = -2*y - h. Calculate the greatest common divisor of 143 and y.
13
Suppose w - 2 - 2 = 0. Suppose 0*j + 2 = -2*j, -w*j + 73 = s. Calculate the greatest common divisor of 11 and s.
11
Suppose 4 - 3 = -o. Let i be o/2 + 21/14. Suppose 3*v - 35 = i. Calculate the highest common divisor of 3 and v.
3
Let q = -58 + 69. What is the greatest common divisor of q and 33?
11
Let g be 118/2 - (-16)/4. What is the greatest common divisor of g and 7?
7
Let o(i) = 23*i - 5. Let y be o(9). Suppose 0 = -l + 3, y = 2*b + l - 3*l. What is the greatest common divisor of 13 and b?
13
Let l = -3 - 0. Let k(n) = n + 7. Let z be k(l). Let j = 16 + -4. What is the highest common divisor of j and z?
4
Suppose -3*p + 3*l = 18, 5*p - 2*p = -2*l + 2. Let u be 1 + ((-2)/(-2) - p). Let i = -1 - -7. Calculate the greatest common factor of u and i.
2
Let y = 177 + -117. Calculate the highest common divisor of 40 and y.
20
Let c be ((-33)/(-6))/(2/(-4)). Suppose -d - 4*d = -80. Let z = c + d. What is the greatest common divisor of 2 and z?
1
Suppose v + 3 = 4*a + 5, 0 = v - a - 5. What is the highest common divisor of 30 and v?
6
Let k = 0 + 0. Suppose 2*z + 2*z + 24 = k. Let h be (-45)/z*4/3. Calculate the greatest common factor of h and 90.
10
Suppose 5*k - f = 91, 2*k = -3*f + 5*f + 38. Calculate the highest common divisor of k and 162.
18
Suppose -5*j = 2*y - 10, 3*j + 2*y - 6 = -j. Calculate the greatest common factor of j and 76.
4
Suppose 0 = 4*c + 80 - 480. What is the highest common factor of 10 and c?
10
Suppose 4*b + 28 = 2*v, -3*v + 0 = 5*b - 86. What is the highest common divisor of v and 11?
11
Let h(y) = y + 21. Let q be h(-8). Let l = 9 - -43. What is the greatest common factor of l and q?
13
Let a be 6*2*(-4 + 5). Calculate the greatest common factor of a and 132.
12
Let x be (2 - 5/(-1)) + -3. Let p be 92/2 + (-8)/x. Let y = -2 - -6. Calculate the greatest common divisor of y and p.
4
Let c = -9 + 14. Suppose 2*a + b + b - 22 = 0, c*a = -4*b + 53. What is the greatest common factor of 18 and a?
9
Suppose -h - 1 = 4*f, -2*h - 5*f = 1 - 8. What is the highest common factor of h and 33?
11
Suppose 2*h = 5*h - 42. Let m = -9 + h. What is the highest common divisor of m and 5?
5
Let t(n) = -3*n + 8. Let j be t(9). Let h = j - -31. Calculate the greatest common factor of h and 12.
12
Let f be (5 + 3)/((-2)/(-4)). Let o be (f/(-1))/(5/(-10)). Suppose -44 = -4*m + 148. What is the greatest common factor of m and o?
16
Let x be 21/((8 - 2) + -5). What is the greatest common divisor of x and 7?
7
Let x(r) = -r**3 - 9*r**2 - 6*r - 10. Let a be x(-9). What is the greatest common factor of 396 and a?
44
Suppose 3*l = -5*l + 448. Calculate the highest common divisor of l and 8.
8
Let h = -25 - -47. Let z = 14 + -21. Let j = 18 + z. 